isor of b and 16.
16
Let k = 103 + -38. What is the highest common factor of 26 and k?
13
Let g be 2/9 - (-858)/27. What is the greatest common factor of 4 and g?
4
Let r(c) = 3*c + c - 2*c + 19*c**2. Let f be r(2). Suppose z = g + 3*z - 20, -5*g = 4*z - 70. What is the highest common divisor of f and g?
10
Let i be ((-1)/2)/(2/4). Let u be -2 + (i - -19) + -3. What is the greatest common divisor of 13 and u?
13
Let y(h) = -h**2 + 8*h - 6. Let g be y(6). What is the highest common divisor of g and 9?
3
Let d be 38/9 - 6/27. Suppose -g = -2*g - d*w + 115, -481 = -4*g + 5*w. Calculate the highest common factor of g and 17.
17
Let k be (-66)/(-12)*12/22. Let q = 11 - 8. What is the highest common divisor of k and q?
3
Let x be (-269)/3*36/2. Let b be x/(-30) - (-2)/10. Calculate the highest common divisor of b and 6.
6
Let o be (-1)/(0 + 1/(-2)). Calculate the highest common factor of 2 and o.
2
Suppose -5*y + 6 = 5*c - 19, 21 = 3*c + 5*y. Let s be 2 - (-2 - 218)/c. Suppose 0*t + s = 2*t. Calculate the highest common divisor of 8 and t.
8
Suppose -2*s = -362 - 80. Calculate the highest common divisor of 13 and s.
13
Suppose -28*x + 6 = -26*x. What is the greatest common divisor of x and 12?
3
Let l be ((-3)/6)/(1/36). Let t be ((-12)/l)/((-1)/(-3)). Let d be (2/t)/(1/5). What is the highest common divisor of d and 5?
5
Let c(q) = q**3 - 9*q**2 + 8*q + 5. Let k be c(8). Let u = 6 + -1. Calculate the greatest common factor of k and u.
5
Let o(q) = q**2 - q - 2. Let p be o(4). Calculate the highest common divisor of 10 and p.
10
Let x(k) = -k**3 - 7*k**2 + 2*k + 12. Let l be x(-8). What is the greatest common divisor of 12 and l?
12
Let d be 7/((-7)/(-2)) - -2. Suppose -27 - 25 = -d*k. Calculate the greatest common divisor of 91 and k.
13
Suppose 2*o - 285 + 43 = 0. What is the highest common divisor of 11 and o?
11
Suppose -2*c - 12 = -2*a, -a + 4*c + 15 = 3. Let u = 3 + a. What is the greatest common factor of 1 and u?
1
Let d(w) = w**3 - w**2 + w + 48. Suppose 0 = 5*z - 3*v, v = -z + 6*v. Let q be d(z). What is the greatest common divisor of 32 and q?
16
Suppose 317 = 3*r - 61. Let b be 1/((-2)/(-28) - 0). What is the highest common divisor of b and r?
14
Let y(f) = -f**3 + 11*f**2 + 11*f + 17. Let n be y(12). Calculate the greatest common factor of n and 35.
5
Let a = -3 - -12. Calculate the highest common divisor of 9 and a.
9
Let v = 3 + 1. Suppose -v*g + 40 = -16. What is the highest common factor of g and 2?
2
Suppose 7*k + 2 = 8*k. Let o(q) = -8*q. Let j be o(-1). What is the greatest common factor of j and k?
2
Suppose -3*c + 239 = -247. Let q be 4/(-4)*-5*1. Suppose 0 = q*d - 15 - 75. What is the highest common factor of c and d?
18
Let g(c) = c + 7. Let u be g(-8). Let o be u/4 - 25/(-20). What is the highest common divisor of 2 and o?
1
Let l be -4*(27/(-4))/3. What is the greatest common divisor of l and 3?
3
Suppose -153 = -7*h - 27. What is the greatest common factor of h and 126?
18
Suppose -4*h + 40 = -32. Calculate the highest common divisor of h and 3.
3
Suppose a + 1 = -5*c - 4, -20 = 4*a - 4*c. Suppose -2*q + 12 = -4*x, 2*x = -q + x. Let f = q - a. Calculate the highest common factor of f and 21.
7
Suppose 5*i + 4*t - 74 = 0, -t - 57 = -4*i - 2*t. Suppose i = v + 4. Calculate the highest common divisor of v and 20.
10
Let o be (-2)/8 - 82/(-8). Let w be (-32)/6*(-17 - -2). Let y = w - -30. What is the highest common divisor of y and o?
10
Let z(a) = 14*a - 36. Let l be z(6). Calculate the greatest common factor of 32 and l.
16
Let t be -1 + 2 + 1 + 236. Let d = 506 - t. Suppose -3*l = -4*x - d, -4*l + 252 + 92 = -2*x. Calculate the greatest common divisor of l and 12.
12
Suppose 3*v + 7 = z, -4*z + v + 11 = -6. Let l = z + -2. Suppose 0 = -6*t + l*t + 352. Calculate the highest common divisor of 11 and t.
11
Let f(z) = -7*z - 2. Let h be f(6). Let v be 4 + h/8*-2. Calculate the highest common divisor of v and 6.
3
Let o = -53 + 94. Let z = -28 + o. What is the greatest common divisor of z and 26?
13
Let k be 3/2*(-20)/(-1). Let d(h) = h**2 - 2*h - 5. Let y be d(4). Calculate the highest common divisor of k and y.
3
Let o be (16/68)/(-2) + (-1228)/(-34). What is the greatest common factor of o and 126?
18
Let v be (-2 + 6)/(2/33). Suppose i = v - 6. Calculate the greatest common divisor of i and 15.
15
Let m be 16 + -7 + 39/3. Suppose 0 = 3*g - 3*q - 93, -5*q = -0*g + 4*g - 142. What is the greatest common factor of g and m?
11
Let v be 2/(2 - 32/17). Let t be ((-42)/(-12))/((-1)/10). Let a be (-938)/(-5) - (-21)/t. What is the highest common factor of a and v?
17
Let s = 5 - -25. Let l(f) = f**2 - 6*f - 1. Let q be l(5). Let h = 6 - q. Calculate the highest common factor of h and s.
6
Suppose 20 = -4*d - 12. Let z be -4*(d + (-1)/(-1)). Calculate the highest common divisor of 70 and z.
14
Suppose -4*s - 2*r - 20 = -90, s = 3*r + 28. Let m = s - 11. Calculate the highest common divisor of 40 and m.
8
Suppose -3*n + 5 = 8. Let x be -2*n/2*33. Suppose x = 2*t + t. What is the greatest common divisor of 44 and t?
11
Let m(q) = q**3 + 5*q**2 - 3*q - 2. Let n be m(-5). Let p be (-4)/(-6)*3/2. Let l = n - p. Calculate the greatest common factor of 96 and l.
12
Suppose 0 = 2*a - 4*a - u + 28, 5*a = -2*u + 69. Calculate the highest common divisor of 117 and a.
13
Suppose 3*p + 7 - 31 = 0. What is the greatest common factor of p and 72?
8
Suppose q - 5 = -t, -5*q + 75 = -6*t + t. What is the highest common factor of 50 and q?
10
Let f = 68 - 44. What is the greatest common divisor of 216 and f?
24
Let b = -13 + 18. Suppose 4*r + 97 = 5*i + b*r, -r - 23 = -i. What is the highest common factor of 8 and i?
4
Let q = 82 + -54. Let o = 33 - 29. Calculate the highest common divisor of q and o.
4
Let r = 31 + -22. Suppose 5*t = 2*t. Suppose t = -3*p + 239 + 58. Calculate the greatest common divisor of p and r.
9
Suppose 3*d - d - x - 15 = 0, -d + 3*x = 0. Let p = -294 - -393. What is the greatest common factor of p and d?
9
Let h(u) = -u + 7. Let o be h(7). Let g be 19/1 + 2 + o. Let r(l) = -l**2 - 6*l - 1. Let s be r(-4). What is the highest common factor of s and g?
7
Suppose 0 = -12*m + 14*m - 80. Let l = 26 - 10. Calculate the highest common factor of m and l.
8
Let f be 3/9 - 314/(-3). What is the greatest common factor of f and 15?
15
Suppose 2*o - 3*o = -4. Suppose -1 = -o*k + 23. Suppose -4*m = 4*z - 196, -222 = -4*z + 5*m - 35. Calculate the greatest common divisor of k and z.
6
Let u be 5*((-92)/(-20) + -3). Let f(v) = -v**3 + 8*v**2 + v - 1. Let t be f(u). What is the highest common factor of t and 28?
7
Let p(u) be the first derivative of 3*u**2/2 - 7*u - 1. Let b be p(5). Calculate the greatest common factor of 1 and b.
1
Let g = 13 - -5. Calculate the highest common factor of g and 2.
2
Let h = 61 - 58. Calculate the highest common factor of 24 and h.
3
Let b(x) = -24*x + 3. Let w(m) = 121*m - 16. Let s = -9 + 7. Let f(c) = s*w(c) - 11*b(c). Let q be f(3). Calculate the highest common divisor of q and 13.
13
Suppose -o - 5*k + 36 = 0, -2*o + 77 - 29 = -2*k. What is the highest common divisor of 208 and o?
26
Let c(v) = 5*v**2 + 5*v + 4. Let p be c(-5). What is the highest common factor of 13 and p?
13
Suppose 0 = -n + u + 27, 2*n + 0*n - 50 = 4*u. Calculate the highest common divisor of n and 29.
29
Suppose 0 = -4*j + 4*f + 20, 0 = -6*j + 2*j - 2*f + 14. What is the highest common divisor of 4 and j?
4
Let i = -69 - -114. Suppose -2*h + a - 3*a + 14 = 0, -5*h - 3*a = -i. Calculate the greatest common divisor of 84 and h.
12
Let u = 42 - 18. Suppose t = 4 + 12. Calculate the greatest common divisor of t and u.
8
Suppose -o + 5*s = -12, 3*s + 36 = o + 2*o. Calculate the highest common divisor of o and 48.
12
Suppose -w - 2*w + 2*h + 3 = 0, -27 = -5*w - 4*h. Calculate the greatest common divisor of 21 and w.
3
Let p(d) = -d**3 - 4*d**2 + 7*d + 2. Let h be p(-7). Calculate the highest common divisor of h and 40.
20
Let c(g) = 2*g**3 - 6*g**2 + 6*g + 1. Let d be c(4). Let f = d + 75. Let r = 35 - 23. What is the highest common factor of r and f?
12
Suppose q + u - 50 = -0*q, 0 = -5*u + 10. Calculate the greatest common factor of 120 and q.
24
Let m(g) = g**2 - g + 15. Let c be m(-11). Let f = -48 + c. Suppose 0 = -3*u + 4*u - 2*h 